{"id":1365,"date":"2018-06-29T01:49:17","date_gmt":"2018-06-29T01:49:17","guid":{"rendered":"http:\/\/lagonet.vn\/?page_id=3"},"modified":"2018-06-29T01:49:17","modified_gmt":"2018-06-29T01:49:17","slug":"privacy-policy-2","status":"publish","type":"page","link":"https:\/\/kb.lagonet.vn\/?page_id=1365","title":{"rendered":"CH\u00cdNH S\u00c1CH B\u1ea2O M\u1eacT"},"content":{"rendered":"<h3 class=\"help-title\">Ch\u00ednh s\u00e1ch b\u1ea3o m\u1eadt<\/h3>\n<p>Ch\u00ednh s\u00e1ch B\u1ea3o m\u1eadt n\u00e0y \u00e1p d\u1ee5ng cho t\u1ea5t c\u1ea3 s\u1ea3n ph\u1ea9m, d\u1ecbch v\u1ee5 c\u1ee7a LAGONET.VN. Ch\u00fang t\u00f4i c\u00f3 th\u1ec3 \u0111\u0103ng th\u00f4ng b\u00e1o b\u1ea3o m\u1eadt c\u1ee5 th\u1ec3 cho t\u1eebng s\u1ea3n ph\u1ea9m ho\u1eb7c t\u00e0i li\u1ec7u c\u1ee7a Trung t\u00e2m Tr\u1ee3 gi\u00fap \u0111\u1ec3 gi\u1ea3i th\u00edch chi ti\u1ebft h\u01a1n v\u1ec1 s\u1ea3n ph\u1ea9m c\u1ee7a ch\u00fang t\u00f4i.<\/p>\n<p>N\u1ebfu b\u1ea1n c\u00f3 b\u1ea5t k\u1ef3 c\u00e2u h\u1ecfi n\u00e0o v\u1ec1 Ch\u00ednh s\u00e1ch B\u1ea3o m\u1eadt n\u00e0y, vui l\u00f2ng li\u00ean h\u1ec7 qua website c\u1ee7a ch\u00fang t\u00f4i (www.lagonet.vn) ho\u1eb7c vi\u1ebft th\u01b0 v\u1ec1 \u0111\u1ecba ch\u1ec9: LAGONET.VN, X\u00f3m 3, th\u00f4n C\u1ed5 \u0110i\u1ec3n, x\u00e3 H\u1ea3i B\u1ed1i, \u0110\u00f4ng Anh, H\u00e0 N\u1ed9i, ho\u1eb7c qua E-mail: <a href=\"mailto:info@lagonet.vn\">info@lagonet.vn<\/a><\/p>\n<p>Ch\u00ednh s\u00e1ch b\u1ea3o m\u1eadt n\u00e0y s\u1ebd cho bi\u1ebft c\u00e1ch ch\u00fang t\u00f4i x\u1eed l\u00fd th\u00f4ng tin c\u00e1 nh\u00e2n c\u1ee7a b\u1ea1n trong qu\u00e1 tr\u00ecnh s\u1eed d\u1ee5ng c\u00e1c s\u1ea3n ph\u1ea9m, d\u1ecbch v\u1ee5 c\u1ee7a LAGONET.VN, bao g\u1ed3m c\u1ea3 vi\u1ec7c s\u1eed d\u1ee5ng tr\u00ecnh duy\u1ec7t v\u00e0 c\u00e1c \u1ee9ng d\u1ee5ng kh\u00e1c.<\/p>\n<p>Ch\u00ednh s\u00e1ch b\u1ea3o m\u1eadt c\u1ee7a LAGONET bao g\u1ed3m c\u00e1c v\u1ea5n \u0111\u1ec1 sau:<\/p>\n<h3 class=\"accordion-header\">1. Thu th\u1eadp v\u00e0 s\u1eed d\u1ee5ng th\u00f4ng tin<\/h3>\n<p>Ch\u00fang t\u00f4i c\u00f3 th\u1ec3 thu th\u1eadp c\u00e1c lo\u1ea1i th\u00f4ng tin sau:<\/p>\n<div class=\"list-content\">\n<ul>\n<li><b>Th\u00f4ng tin b\u1ea1n cung c\u1ea5p<\/b>\u00a0&#8211; Khi b\u1ea1n \u0111\u0103ng k\u00fd T\u00e0i kho\u1ea3n s\u1eed d\u1ee5ng c\u00e1c s\u1ea3n ph\u1ea9m, d\u1ecbch v\u1ee5 c\u1ee7a LAGONET.VN (trong \u0111\u00f3 c\u00f3 d\u1ecbch v\u1ee5 qu\u1ea3ng c\u00e1o), ch\u00fang t\u00f4i s\u1ebd y\u00eau c\u1ea7u b\u1ea1n cung c\u1ea5p th\u00f4ng tin c\u00e1 nh\u00e2n. Ch\u00fang t\u00f4i c\u00f3 th\u1ec3 k\u1ebft h\u1ee3p th\u00f4ng tin b\u1ea1n g\u1eedi theo t\u00e0i kho\u1ea3n c\u1ee7a m\u00ecnh c\u00f9ng v\u1edbi th\u00f4ng tin t\u1eeb c\u00e1c d\u1ecbch v\u1ee5 kh\u00e1c c\u1ee7a LAGONET.VN ho\u1eb7c t\u1eeb c\u00e1c b\u00ean th\u1ee9 ba \u0111\u1ec3 cung c\u1ea5p cho b\u1ea1n s\u1ea3n ph\u1ea9m t\u1ed1t h\u01a1n v\u00e0 \u0111\u1ec3 c\u1ea3i thi\u1ec7n ch\u1ea5t l\u01b0\u1ee3ng c\u00e1c d\u1ecbch v\u1ee5 c\u1ee7a ch\u00fang t\u00f4i. B\u1ea1n c\u00f3 th\u1ec3 s\u1eed d\u1ee5ng trang ch\u1ee7 c\u1ee7a LAGONET.VN \u0111\u1ec3 t\u00ecm hi\u1ec3u th\u00eam v\u1ec1 th\u00f4ng tin \u0111\u01b0\u1ee3c li\u00ean k\u1ebft v\u1edbi T\u00e0i kho\u1ea3n c\u1ee7a m\u00ecnh.<\/li>\n<li><b>Cookie<\/b>\u00a0&#8211; Khi b\u1ea1n truy c\u1eadp v\u00e0o tr\u00ecnh duy\u1ec7t LAGONET.VN, ch\u00fang t\u00f4i s\u1ebd g\u1eedi m\u1ed9t ho\u1eb7c nhi\u1ec1u cookie \u0111\u1ebfn m\u00e1y t\u00ednh ho\u1eb7c thi\u1ebft b\u1ecb kh\u00e1c c\u1ee7a b\u1ea1n. Ch\u00fang t\u00f4i s\u1eed d\u1ee5ng cookie \u0111\u1ec3 c\u1ea3i thi\u1ec7n ch\u1ea5t l\u01b0\u1ee3ng d\u1ecbch v\u1ee5 c\u1ee7a m\u00ecnh, k\u1ec3 c\u1ea3 \u0111\u1ec3 l\u01b0u tr\u1eef tu\u1ef3 ch\u1ecdn c\u1ee7a ng\u01b0\u1eddi d\u00f9ng, c\u1ea3i thi\u1ec7n c\u00e1c k\u1ebft qu\u1ea3 t\u00ecm ki\u1ebfm v\u00e0 l\u1ef1a ch\u1ecdn qu\u1ea3ng c\u00e1o c\u0169ng nh\u01b0 theo d\u00f5i xu h\u01b0\u1edbng c\u1ee7a ng\u01b0\u1eddi d\u00f9ng, v\u00ed d\u1ee5: c\u00e1ch m\u1ecdi ng\u01b0\u1eddi t\u00ecm ki\u1ebfm.<\/li>\n<li><b>Th\u00f4ng tin nh\u1eadt k\u00fd<\/b>\u00a0&#8211; Khi b\u1ea1n truy c\u1eadp c\u00e1c d\u1ecbch v\u1ee5 c\u1ee7a LAGONET.VN qua tr\u00ecnh duy\u1ec7t, \u1ee9ng d\u1ee5ng ho\u1eb7c m\u00e1y kh\u00e1ch kh\u00e1c, m\u00e1y ch\u1ee7 c\u1ee7a ch\u00fang t\u00f4i s\u1ebd t\u1ef1 \u0111\u1ed9ng ghi l\u1ea1i m\u1ed9t s\u1ed1 th\u00f4ng tin truy c\u1eadp \u2013 hay c\u00f2n g\u1ecdi l\u00e0 nh\u1eadt k\u00fd m\u00e1y ch\u1ee7. C\u00e1c nh\u1eadt k\u00fd m\u00e1y ch\u1ee7 n\u00e0y c\u00f3 th\u1ec3 bao g\u1ed3m th\u00f4ng tin nh\u01b0 y\u00eau c\u1ea7u web, t\u01b0\u01a1ng t\u00e1c c\u1ee7a b\u1ea1n v\u1edbi d\u1ecbch v\u1ee5, \u0111\u1ecba ch\u1ec9 Giao th\u1ee9c Internet (IP) , lo\u1ea1i tr\u00ecnh duy\u1ec7t, ng\u00f4n ng\u1eef tr\u00ecnh duy\u1ec7t, ng\u00e0y v\u00e0 gi\u1edd b\u1ea1n y\u00eau c\u1ea7u c\u0169ng nh\u01b0 nh\u1eefng t\u1ec7p tin cookie d\u00f9ng \u0111\u1ec3 nh\u1eadn d\u1ea1ng tr\u00ecnh duy\u1ec7t ho\u1eb7c t\u00e0i kho\u1ea3n c\u1ee7a b\u1ea1n.<\/li>\n<li><b>Th\u00f4ng tin li\u00ean l\u1ea1c c\u1ee7a ng\u01b0\u1eddi d\u00f9ng<\/b>\u00a0&#8211; Khi b\u1ea1n g\u1eedi email ho\u1eb7c c\u00e1c th\u00f4ng tin li\u00ean l\u1ea1c \u0111\u1ebfn LAGONET.VN, ch\u00fang t\u00f4i c\u00f3 th\u1ec3 gi\u1eef l\u1ea1i nh\u1eefng th\u00f4ng tin li\u00ean l\u1ea1c n\u00e0y \u0111\u1ec3 x\u1eed l\u00fd c\u00e1c c\u00e2u h\u1ecfi c\u1ee7a b\u1ea1n, h\u1ed3i \u0111\u00e1p c\u00e1c y\u00eau c\u1ea7u c\u1ee7a b\u1ea1n v\u00e0 c\u1ea3i thi\u1ec7n d\u1ecbch v\u1ee5 c\u1ee7a ch\u00fang t\u00f4i. Ch\u00fang t\u00f4i c\u00f3 th\u1ec3 s\u1eed d\u1ee5ng \u0111\u1ecba ch\u1ec9 email c\u1ee7a b\u1ea1n \u0111\u1ec3 li\u00ean l\u1ea1c v\u1edbi b\u1ea1n v\u1ec1 d\u1ecbch v\u1ee5 c\u1ee7a ch\u00fang t\u00f4i.<\/li>\n<li><b>Th\u00f4ng tin thi\u1ebft b\u1ecb<\/b>\u00a0&#8211; Ch\u00fang t\u00f4i c\u00f3 th\u1ec3 thu th\u1eadp th\u00f4ng tin thi\u1ebft b\u1ecb b\u1ea1n d\u00f9ng \u0111\u1ec3 truy c\u1eadp (bao g\u1ed3m ki\u1ec3u ph\u1ea7n c\u1ee9ng, h\u1ec7 \u0111i\u1ec1u h\u00e0nh, s\u1ed1 nh\u1eadn d\u1ea1ng).<\/li>\n<li><b>Th\u00f4ng tin v\u1ecb tr\u00ed<\/b>\u00a0&#8211; Khi b\u1ea1n s\u1eed d\u1ee5ng c\u00e1c s\u1ea3n ph\u1ea9m, d\u1ecbch v\u1ee5 c\u1ee7a LAGONET.VN, ch\u00fang t\u00f4i c\u00f3 th\u1ec3 s\u1eed d\u1ee5ng nhi\u1ec1u c\u00f4ng ngh\u1ec7 kh\u00e1c nhau \u0111\u1ec3 thu th\u1eadp th\u00f4ng tin x\u00e1c \u0111\u1ecbnh v\u1ecb tr\u00ed c\u1ee7a b\u1ea1n.<\/li>\n<li><b>C\u00e1c d\u1ecbch v\u1ee5 Li\u00ean k\u1ebft c\u1ee7a LAGONET.VN tr\u00ean c\u00e1c trang web kh\u00e1c<\/b>\u00a0&#8211; Ch\u00fang t\u00f4i cung c\u1ea5p m\u1ed9t s\u1ed1 d\u1ecbch v\u1ee5 c\u1ee7a m\u00ecnh tr\u00ean ho\u1eb7c th\u00f4ng qua c\u00e1c trang web kh\u00e1c. Th\u00f4ng tin c\u00e1 nh\u00e2n m\u00e0 b\u1ea1n cung c\u1ea5p cho c\u00e1c trang web \u0111\u00f3 c\u00f3 th\u1ec3 \u0111\u01b0\u1ee3c g\u1eedi \u0111\u1ebfn LAGONET.VN \u0111\u1ec3 ph\u00e2n ph\u1ed1i d\u1ecbch v\u1ee5. Ch\u00fang t\u00f4i x\u1eed l\u00fd th\u00f4ng tin nh\u01b0 v\u1eady theo Ch\u00ednh s\u00e1ch B\u1ea3o m\u1eadt n\u00e0y.<\/li>\n<li><b>\u1ee8ng d\u1ee5ng c\u1ee7a B\u00ean Th\u1ee9 ba<\/b>\u00a0&#8211; LAGONET.VN c\u00f3 th\u1ec3 cung c\u1ea5p c\u00e1c \u1ee9ng d\u1ee5ng c\u1ee7a b\u00ean th\u1ee9 ba nh\u01b0 ti\u1ec7n \u00edch ho\u1eb7c ti\u1ec7n \u00edch m\u1edf r\u1ed9ng th\u00f4ng qua c\u00e1c d\u1ecbch v\u1ee5 c\u1ee7a m\u00ecnh. Th\u00f4ng tin do LAGONET.VN thu th\u1eadp khi b\u1ea1n b\u1eadt \u1ee9ng d\u1ee5ng c\u1ee7a b\u00ean th\u1ee9 ba \u0111\u01b0\u1ee3c x\u1eed l\u00fd theo Ch\u00ednh s\u00e1ch B\u1ea3o m\u1eadt n\u00e0y.\u00a0Th\u00f4ng tin do nh\u00e0 cung c\u1ea5p \u1ee9ng d\u1ee5ng b\u00ean th\u1ee9 ba thu th\u1eadp \u0111\u01b0\u1ee3c qu\u1ea3n l\u00fd b\u1edfi c\u00e1c ch\u00ednh s\u00e1ch b\u1ea3o m\u1eadt c\u1ee7a h\u1ecd.<\/li>\n<li><b>Trang web kh\u00e1c<\/b>\u00a0&#8211; Ch\u00ednh s\u00e1ch B\u1ea3o m\u1eadt n\u00e0y ch\u1ec9 \u00e1p d\u1ee5ng cho c\u00e1c s\u1ea3n ph\u1ea9m d\u1ecbch v\u1ee5 v\u00e0 tr\u00ecnh duy\u1ec7t c\u1ee7a LAGONET.VN. Ch\u00fang t\u00f4i kh\u00f4ng ki\u1ec3m so\u00e1t c\u00e1c trang web \u0111\u01b0\u1ee3c hi\u1ec3n th\u1ecb d\u01b0\u1edbi d\u1ea1ng k\u1ebft qu\u1ea3 t\u00ecm ki\u1ebfm, c\u00e1c trang web kh\u00e1c c\u00f3 d\u00f9ng c\u00e1c \u1ee9ng d\u1ee5ng, s\u1ea3n ph\u1ea9m c\u1ee7a LAGONET.VN ho\u1eb7c c\u00e1c li\u00ean k\u1ebft t\u1eeb b\u00ean trong c\u00e1c d\u1ecbch v\u1ee5 c\u1ee7a m\u00ecnh. Nh\u1eefng trang web n\u00e0y c\u00f3 th\u1ec3 \u0111\u1eb7t cookie ri\u00eang ho\u1eb7c c\u00e1c t\u1ec7p \u1ea9n danh kh\u00e1c tr\u00ean m\u00e1y t\u00ednh c\u1ee7a b\u1ea1n, thu th\u1eadp d\u1eef li\u1ec7u ho\u1eb7c y\u00eau c\u1ea7u th\u00f4ng tin c\u00e1 nh\u00e2n c\u1ee7a b\u1ea1n.<\/li>\n<\/ul>\n<p>Ngo\u00e0i m\u1ee5c \u0111\u00edch s\u1eed d\u1ee5ng \u1edf tr\u00ean, ch\u00fang t\u00f4i c\u00f3 th\u1ec3 s\u1eed d\u1ee5ng th\u00f4ng tin thu th\u1eadp \u0111\u01b0\u1ee3c \u0111\u1ec3:<\/p>\n<ul>\n<li>Cung c\u1ea5p cho b\u1ea1n n\u1ed9i dung ph\u00f9 h\u1ee3p v\u00e0 thu\u1eadn ti\u1ec7n h\u01a1n, nh\u01b0: cung c\u1ea5p cho b\u1ea1n k\u1ebft qu\u1ea3 t\u00ecm ki\u1ebfm v\u00e0 qu\u1ea3ng c\u00e1o ph\u00f9 h\u1ee3p v\u1edbi nhu c\u1ea7u c\u1ee7a b\u1ea1n.<\/li>\n<li>Cung c\u1ea5p, duy tr\u00ec, b\u1ea3o v\u1ec7 v\u00e0 c\u1ea3i thi\u1ec7n d\u1ecbch v\u1ee5 c\u1ee7a m\u00ecnh v\u00e0 ph\u00e1t tri\u1ec3n c\u00e1c d\u1ecbch v\u1ee5 m\u1edbi;<\/li>\n<li>B\u1ea3o v\u1ec7 quy\u1ec1n ho\u1eb7c t\u00e0i s\u1ea3n c\u1ee7a LAGONET.VN v\u00e0 c\u1ee7a ng\u01b0\u1eddi d\u00f9ng.<\/li>\n<\/ul>\n<p>\u0110\u1ec3 t\u0103ng c\u01b0\u1eddng t\u00ednh n\u0103ng s\u1eed d\u1ee5ng d\u1ecbch v\u1ee5 c\u1ee7a LAGONET.VN (bao g\u1ed3m nh\u01b0ng kh\u00f4ng h\u1ea1n ch\u1ebf vi\u1ec7c n\u00e2ng cao kh\u1ea3 n\u0103ng ti\u1ebfp c\u1eadn c\u00e1c d\u1ecbch v\u1ee5 qu\u1ea3ng c\u00e1o), ch\u00fang t\u00f4i c\u00f3 th\u1ec3 thu th\u1eadp v\u00e0 s\u1eed d\u1ee5ng t\u1ea5t c\u1ea3 c\u00e1c d\u1eef li\u1ec7u th\u00f4ng tin h\u00e0nh vi c\u1ee7a ng\u01b0\u1eddi s\u1eed d\u1ee5ng. Tuy nhi\u00ean, ch\u00fang t\u00f4i s\u1ebd kh\u00f4ng c\u00f3 quy\u1ec1n chia s\u1ebb ho\u1eb7c b\u00e1n nh\u1eefng th\u00f4ng tin n\u00e0y cho b\u00ean th\u1ee9 ba.<\/p>\n<p>N\u1ebfu ch\u00fang t\u00f4i s\u1eed d\u1ee5ng th\u00f4ng tin n\u00e0y cho nh\u1eefng m\u1ee5c \u0111\u00edch kh\u00e1c ngo\u00e0i m\u1ee5c \u0111\u00edch m\u00e0 th\u00f4ng tin \u0111\u01b0\u1ee3c thu th\u1eadp, khi \u0111\u00f3 ch\u00fang t\u00f4i s\u1ebd c\u00f3 th\u00f4ng b\u00e1o xin ph\u00e9p b\u1ea1n tr\u01b0\u1edbc khi s\u1eed d\u1ee5ng nh\u1eefng th\u00f4ng tin n\u00e0y.<\/p>\n<p>LAGONET.VN x\u1eed l\u00fd th\u00f4ng tin c\u00e1 nh\u00e2n tr\u00ean c\u00e1c m\u00e1y ch\u1ee7 c\u1ee7a m\u00ecnh. Trong m\u1ed9t s\u1ed1 tr\u01b0\u1eddng h\u1ee3p, ch\u00fang t\u00f4i x\u1eed l\u00fd th\u00f4ng tin c\u00e1 nh\u00e2n b\u00ean ngo\u00e0i qu\u1ed1c gia c\u1ee7a b\u1ea1n.<\/p>\n<h3 class=\"accordion-header\">2. L\u1ef1a ch\u1ecdn<\/h3>\n<div class=\"accordion-content\">\n<p>H\u1ea7u h\u1ebft c\u00e1c tr\u00ecnh duy\u1ec7t ban \u0111\u1ea7u \u0111\u01b0\u1ee3c thi\u1ebft l\u1eadp \u0111\u1ec3 ch\u1ea5p nh\u1eadn c\u00e1c t\u1ec7p cookies nh\u01b0ng b\u1ea1n c\u00f3 th\u1ec3 \u0111\u1eb7t l\u1ea1i tr\u00ecnh duy\u1ec7t c\u1ee7a m\u00ecnh \u0111\u1ec3 t\u1eeb ch\u1ed1i t\u1ea5t c\u1ea3 cookies ho\u1eb7c s\u1ebd \u0111\u01b0\u1ee3c th\u00f4ng b\u00e1o khi cookie \u0111\u01b0\u1ee3c g\u1eedi. Tuy nhi\u00ean, c\u1ea7n l\u01b0u \u00fd r\u1eb1ng m\u1ed9t s\u1ed1 t\u00ednh n\u0103ng v\u00e0 d\u1ecbch v\u1ee5 c\u1ee7aLAGONET.VN c\u00f3 th\u1ec3 kh\u00f4ng ho\u1ea1t \u0111\u1ed9ng \u0111\u00fang khi cookie b\u1ecb v\u00f4 hi\u1ec7u ho\u00e1.<\/p>\n<h3 class=\"accordion-header\">3. Chia s\u1ebb th\u00f4ng tin<\/h3>\n<div class=\"accordion-content\">\n<p>LAGONET.VN ch\u1ec9 chia s\u1ebb th\u00f4ng tin c\u00e1 nh\u00e2n v\u1edbi c\u00e1c c\u00f4ng ty ho\u1eb7c c\u00e1 nh\u00e2n kh\u00e1c b\u00ean ngo\u00e0i LAGONET.VN trong nh\u1eefng tr\u01b0\u1eddng h\u1ee3p gi\u1edbi h\u1ea1n sau:<\/p>\n<div class=\"list-content\">\n<ul>\n<li style=\"list-style-type: none;\">\n<ul>\n<li>Ch\u00fang t\u00f4i \u0111\u01b0\u1ee3c s\u1ef1 cho ph\u00e9p c\u1ee7a b\u1ea1n. Ch\u00fang t\u00f4i s\u1ebd y\u00eau c\u1ea7u b\u1ea1n ch\u1ecdn cho ph\u00e9p chia s\u1ebb b\u1ea5t k\u1ef3 th\u00f4ng tin c\u00e1 nh\u00e2n nh\u1ea1y c\u1ea3m n\u00e0o.<\/li>\n<li>Ch\u00fang t\u00f4i cung c\u1ea5p th\u00f4ng tin nh\u01b0 v\u1eady cho c\u00e1c c\u00f4ng ty con, c\u00f4ng ty li\u00ean k\u1ebft ho\u1eb7c c\u00e1c doanh nghi\u1ec7p hay c\u00e1 nh\u00e2n \u0111\u00e1ng tin c\u1eady kh\u00e1c c\u1ee7a m\u00ecnh v\u1edbi m\u1ee5c \u0111\u00edch thay m\u1eb7t ch\u00fang t\u00f4i x\u1eed l\u00fd th\u00f4ng tin c\u00e1 nh\u00e2n. Ch\u00fang t\u00f4i y\u00eau c\u1ea7u c\u00e1c b\u00ean n\u00e0y \u0111\u1ed3ng \u00fd x\u1eed l\u00fd th\u00f4ng tin nh\u01b0 v\u1eady d\u1ef1a tr\u00ean h\u01b0\u1edbng d\u1eabn c\u1ee7a ch\u00fang t\u00f4i v\u00e0 ph\u1ea3i tu\u00e2n th\u1ee7 Ch\u00ednh s\u00e1ch B\u1ea3o m\u1eadt n\u00e0y v\u00e0 b\u1ea5t k\u1ef3 bi\u1ec7n ph\u00e1p b\u1ea3o m\u1eadt v\u00e0 an to\u00e0n th\u00edch h\u1ee3p n\u00e0o kh\u00e1c.<\/li>\n<li>Ch\u00fang t\u00f4i th\u1eadt s\u1ef1 tin r\u1eb1ng vi\u1ec7c truy c\u1eadp, s\u1eed d\u1ee5ng, duy tr\u00ec ho\u1eb7c ti\u1ebft l\u1ed9 th\u00f4ng tin nh\u01b0 v\u1eady l\u00e0 c\u1ea7n thi\u1ebft \u1edf m\u1ee9c \u0111\u1ed9 ph\u00f9 h\u1ee3p \u0111\u1ec3:(a) \u0111\u00e1p \u1ee9ng quy \u0111\u1ecbnh c\u1ee7a ph\u00e1p lu\u1eadt hi\u1ec7n h\u00e0nh ho\u1eb7c y\u00eau c\u1ea7u c\u1ee7a ch\u00ednh quy\u1ec1n,(b) thi h\u00e0nh c\u00e1c \u0110i\u1ec1u kho\u1ea3n D\u1ecbch v\u1ee5 hi\u1ec7n h\u00e0nh, k\u1ec3 c\u1ea3 vi\u1ec7c \u0111i\u1ec1u tra nh\u1eefng vi ph\u1ea1m ti\u1ec1m \u1ea9n c\u00f3 th\u1ec3 ph\u00e1t sinh,(c) ph\u00e1t hi\u1ec7n, ng\u0103n ng\u1eeba ho\u1eb7c x\u1eed l\u00fd h\u00e0nh vi l\u1eeba \u0111\u1ea3o, c\u00e1c v\u1ea5n \u0111\u1ec1 v\u1ec1 b\u1ea3o m\u1eadt ho\u1eb7c k\u1ef9 thu\u1eadt,(d) b\u1ea3o v\u1ec7 tr\u01b0\u1edbc thi\u1ec7t h\u1ea1i \u0111\u1ed1i v\u1edbi quy\u1ec1n l\u1ee3i, t\u00e0i s\u1ea3n ho\u1eb7c s\u1ef1 an to\u00e0n c\u1ee7a LAGONET.VN, ng\u01b0\u1eddi d\u00f9ng c\u1ee7a LAGONET.VN ho\u1eb7c c\u00f4ng ch\u00fang theo y\u00eau c\u1ea7u ho\u1eb7c \u0111\u01b0\u1ee3c cho ph\u00e9p b\u1edfi ph\u00e1p lu\u1eadt.<\/li>\n<\/ul>\n<\/li>\n<\/ul>\n<p>N\u1ebfu LAGONET.VN tham gia v\u00e0o b\u1ea5t k\u1ef3 h\u00ecnh th\u1ee9c s\u00e1p nh\u1eadp, mua ho\u1eb7c b\u00e1n m\u1ed9t ph\u1ea7n ho\u1eb7c t\u1ea5t c\u1ea3 t\u00e0i s\u1ea3n c\u1ee7a m\u00ecnh, ch\u00fang t\u00f4i s\u1ebd \u0111\u1ea3m b\u1ea3o t\u00ednh b\u1ea3o m\u1eadt c\u1ee7a b\u1ea5t k\u1ef3 th\u00f4ng tin c\u00e1 nh\u00e2n n\u00e0o li\u00ean quan \u0111\u1ebfn c\u00e1c giao d\u1ecbch \u0111\u00f3 v\u00e0 ch\u00fang t\u00f4i s\u1ebd th\u00f4ng b\u00e1o cho b\u1ea1n tr\u01b0\u1edbc khi th\u00f4ng tin c\u00e1 nh\u00e2n \u0111\u01b0\u1ee3c chuy\u1ec3n giao v\u00e0 ch\u1ecbu s\u1ef1 chi ph\u1ed1i c\u1ee7a ch\u00ednh s\u00e1ch b\u1ea3o m\u1eadt kh\u00e1c.<\/p>\n<h3 class=\"accordion-header\">4. B\u1ea3o m\u1eadt th\u00f4ng tin<\/h3>\n<div class=\"accordion-content\">\n<p>Ch\u00fang t\u00f4i s\u1eed d\u1ee5ng c\u00e1c bi\u1ec7n ph\u00e1p b\u1ea3o m\u1eadt th\u00edch h\u1ee3p \u0111\u1ec3 b\u1ea3o v\u1ec7 vi\u1ec7c truy c\u1eadp, s\u1eeda \u0111\u1ed5i, ti\u1ebft l\u1ed9 ho\u1eb7c hu\u1ef7 d\u1eef li\u1ec7u m\u1ed9t c\u00e1ch tr\u00e1i ph\u00e9p. C\u00e1c bi\u1ec7n ph\u00e1p n\u00e0y bao g\u1ed3m xem x\u00e9t n\u1ed9i b\u1ed9 c\u00e1c th\u1ef1c ti\u1ec5n thu th\u1eadp, l\u01b0u tr\u1eef v\u00e0 x\u1eed l\u00fd d\u1eef li\u1ec7u c\u0169ng nh\u01b0 c\u00e1c bi\u1ec7n ph\u00e1p b\u1ea3o m\u1eadt, bao g\u1ed3m c\u00e1c bi\u1ec7n ph\u00e1p b\u1ea3o m\u1eadt v\u1eadt l\u00fd v\u00e0 m\u00e3 ho\u00e1 th\u00edch h\u1ee3p \u0111\u1ec3 b\u1ea3o v\u1ec7 ch\u1ed1ng truy c\u1eadp tr\u00e1i ph\u00e9p v\u00e0o h\u1ec7 th\u1ed1ng l\u01b0u tr\u1eef d\u1eef li\u1ec7u c\u00e1 nh\u00e2n c\u1ee7a ch\u00fang t\u00f4i.<\/p>\n<p>Ch\u00fang t\u00f4i ch\u1ec9 cho ph\u00e9p nh\u00e2n vi\u00ean, nh\u00e0 th\u1ea7u v\u00e0 \u0111\u1ea1i l\u00fd c\u1ee7a LAGONET.VN \u0111\u01b0\u1ee3c truy c\u1eadp th\u00f4ng tin c\u00e1 nh\u00e2n. \u0110\u00f3 l\u00e0 nh\u1eefng ng\u01b0\u1eddi c\u1ea7n bi\u1ebft th\u00f4ng tin n\u00e0y \u0111\u1ec3 thay m\u1eb7t choLAGONET.VN x\u1eed l\u00fd th\u00f4ng tin. Nh\u1eefng c\u00e1 nh\u00e2n n\u00e0y b\u1ecb r\u00e0ng bu\u1ed9c b\u1edfi ngh\u0129a v\u1ee5 b\u1ea3o m\u1eadt v\u00e0 c\u00f3 th\u1ec3 b\u1ecb k\u1ef7 lu\u1eadt, bao g\u1ed3m ch\u1ea5m d\u1ee9t l\u00e0m vi\u1ec7c v\u00e0 truy t\u1ed1 h\u00ecnh s\u1ef1, n\u1ebfu h\u1ecd vi ph\u1ea1m c\u00e1c ngh\u0129a v\u1ee5 n\u00e0y.<\/p>\n<h3 class=\"accordion-header\">5. Truy c\u1eadp v\u00e0 ch\u1ec9nh s\u1eeda th\u00f4ng tin c\u00e1 nh\u00e2n<\/h3>\n<div class=\"accordion-content\">\n<p>Khi b\u1ea1n s\u1eed d\u1ee5ng c\u00e1c d\u1ecbch v\u1ee5 c\u1ee7a LAGONET.VN, ch\u00fang t\u00f4i c\u1ed1 g\u1eafng cung c\u1ea5p cho b\u1ea1n quy\u1ec1n truy c\u1eadp v\u00e0o th\u00f4ng tin c\u00e1 nh\u00e2n c\u1ee7a b\u1ea1n ho\u1eb7c \u0111\u1ec3 ch\u1ec9nh s\u1eeda d\u1eef li\u1ec7u n\u00e0y n\u1ebfu ch\u01b0a ch\u00ednh x\u00e1c ho\u1eb7c xo\u00e1 d\u1eef li\u1ec7u \u0111\u00f3 theo y\u00eau c\u1ea7u c\u1ee7a b\u1ea1n n\u1ebfu d\u1eef li\u1ec7u n\u00e0y kh\u00f4ng \u0111\u01b0\u1ee3c lu\u1eadt ph\u00e1p y\u00eau c\u1ea7u gi\u1eef l\u1ea1i ho\u1eb7c v\u00ec m\u1ee5c \u0111\u00edch ch\u00ednh \u0111\u00e1ng c\u1ee7a b\u1ea1n. Ch\u00fang t\u00f4i y\u00eau c\u1ea7u c\u00e1 nh\u00e2n ng\u01b0\u1eddi d\u00f9ng t\u1ef1 nh\u1eadn di\u1ec7n m\u00ecnh v\u00e0 x\u00e1c \u0111\u1ecbnh th\u00f4ng tin y\u00eau c\u1ea7u \u0111\u01b0\u1ee3c truy c\u1eadp, ch\u1ec9nh s\u1eeda ho\u1eb7c xo\u00e1 tr\u01b0\u1edbc khi x\u1eed l\u00fd c\u00e1c y\u00eau c\u1ea7u \u0111\u00f3 v\u00e0 ch\u00fang t\u00f4i c\u00f3 th\u1ec3 t\u1eeb ch\u1ed1i x\u1eed l\u00fd c\u00e1c y\u00eau c\u1ea7u \u0111\u01b0\u1ee3c l\u1eb7p l\u1ea1i nhi\u1ec1u l\u1ea7n m\u1ed9t c\u00e1ch kh\u00f4ng h\u1ee3p l\u00fd ho\u1eb7c c\u00f3 h\u1ec7 th\u1ed1ng, \u0111\u00f2i h\u1ecfi c\u00e1c n\u1ed7 l\u1ef1c kh\u00f4ng ph\u00f9 h\u1ee3p v\u1ec1 k\u1ef9 thu\u1eadt, g\u00e2y nguy hi\u1ec3m cho t\u00ednh b\u1ea3o m\u1eadt c\u1ee7a ng\u01b0\u1eddi kh\u00e1c ho\u1eb7c qu\u00e1 phi th\u1ef1c t\u1ebf (v\u00ed d\u1ee5: c\u00e1c y\u00eau c\u1ea7u v\u1ec1 th\u00f4ng tin tr\u00ean b\u0103ng l\u01b0u tr\u1eef) ho\u1eb7c \u0111\u1ed1i v\u1edbi nh\u1eefng y\u00eau c\u1ea7u kh\u00f4ng c\u1ea7n thi\u1ebft ph\u1ea3i truy c\u1eadp. Trong b\u1ea5t k\u1ef3 tr\u01b0\u1eddng h\u1ee3p n\u00e0o, khi ch\u00fang t\u00f4i cung c\u1ea5p quy\u1ec1n truy c\u1eadp v\u00e0 ch\u1ec9nh s\u1eeda th\u00f4ng tin, ch\u00fang t\u00f4i th\u1ef1c hi\u1ec7n d\u1ecbch v\u1ee5 n\u00e0y mi\u1ec5n ph\u00ed, ngo\u1ea1i tr\u1eeb tr\u01b0\u1eddng h\u1ee3p vi\u1ec7c th\u1ef1c hi\u1ec7n nh\u01b0 th\u1ebf \u0111\u00f2i h\u1ecfi n\u1ed7 l\u1ef1c qu\u00e1 l\u1edbn. Do c\u00e1ch th\u1ee9c ch\u00fang t\u00f4i duy tr\u00ec m\u1ed9t s\u1ed1 d\u1ecbch v\u1ee5 nh\u1ea5t \u0111\u1ecbnh, sau khi b\u1ea1n xo\u00e1 th\u00f4ng tin c\u1ee7a m\u00ecnh, c\u00f3 th\u1ec3 m\u1ea5t m\u1ed9t th\u1eddi gian \u0111\u1ec3 c\u00e1c b\u1ea3n sao c\u00f2n l\u1ea1i \u0111\u01b0\u1ee3c xo\u00e1 kh\u1ecfi m\u00e1y ch\u1ee7 \u0111ang ho\u1ea1t \u0111\u1ed9ng c\u1ee7a ch\u00fang t\u00f4i. C\u00e1c b\u1ea3n sao n\u00e0y c\u00f3 th\u1ec3 v\u1eabn t\u1ed3n t\u1ea1i trong h\u1ec7 th\u1ed1ng sao l\u01b0u c\u1ee7a ch\u00fang t\u00f4i.<\/p>\n<h3 class=\"accordion-header\">6. Th\u1ef1c thi<\/h3>\n<div class=\"accordion-content\">\n<p>LAGONET.VN tu\u00e2n th\u1ee7 c\u00e1c nguy\u00ean t\u1eafc \u0111\u1ea3m b\u1ea3o an to\u00e0n th\u00f4ng tin c\u00e1 nh\u00e2n v\u1ec1 th\u00f4ng b\u00e1o, l\u1ef1a ch\u1ecdn, chuy\u1ec3n ti\u1ebfp, an ninh, to\u00e0n v\u1eb9n d\u1eef li\u1ec7u, truy c\u1eadp v\u00e0 th\u1ef1c thi theo Lu\u1eadt c\u00f4ng ngh\u1ec7 th\u00f4ng tin c\u1ee7a n\u01b0\u1edbc c\u1ed9ng h\u00f2a x\u00e3 h\u1ed9i ch\u1ee7 ngh\u0129aVi\u1ec7t Nam.<\/p>\n<p>LAGONET.VN th\u01b0\u1eddng xuy\u00ean xem x\u00e9t vi\u1ec7c tu\u00e2n th\u1ee7 Ch\u00ednh s\u00e1ch B\u1ea3o m\u1eadt n\u00e0y. Khi nh\u1eadn \u0111\u01b0\u1ee3c v\u0103n b\u1ea3n khi\u1ebfu n\u1ea1i ch\u00ednh th\u1ee9c, ch\u00fang t\u00f4i s\u1ebd th\u1ef1c hi\u1ec7n ch\u00ednh s\u00e1ch li\u00ean h\u1ec7 v\u1edbi ng\u01b0\u1eddi d\u00f9ng khi\u1ebfu n\u1ea1i v\u1ec1 m\u1ed1i lo ng\u1ea1i c\u1ee7a h\u1ecd. Ch\u00fang t\u00f4i s\u1ebd h\u1ee3p t\u00e1c v\u1edbi c\u00e1c c\u01a1 quan qu\u1ea3n l\u00fd, k\u1ec3 c\u1ea3 c\u00e1c c\u01a1 quan b\u1ea3o v\u1ec7 d\u1eef li\u1ec7u, \u0111\u1ec3 gi\u1ea3i quy\u1ebft b\u1ea5t k\u1ef3 khi\u1ebfu n\u1ea1i n\u00e0o c\u00f3 li\u00ean quan \u0111\u1ebfn vi\u1ec7c chuy\u1ec3n d\u1eef li\u1ec7u c\u00e1 nh\u00e2n m\u00e0 kh\u00f4ng th\u1ec3 gi\u1ea3i quy\u1ebft \u0111\u01b0\u1ee3c gi\u1eefaLAGONET.VNv\u00e0 kh\u00e1ch h\u00e0ng.<\/p>\n<h3 class=\"accordion-header\">7. Thay \u0111\u1ed5i v\u1ec1 Ch\u00ednh s\u00e1ch B\u1ea3o m\u1eadt<\/h3>\n<div class=\"accordion-content\">\n<p>Xin l\u01b0u \u00fd r\u1eb1ng LAGONET.VN gi\u1eef quy\u1ec1n s\u1eeda \u0111\u1ed5i v\u00e0\/ho\u1eb7c b\u1ed5 sung b\u1ea5t k\u1ef3 \u0111i\u1ec1u kho\u1ea3n n\u00e0o c\u1ee7a Ch\u00ednh s\u00e1ch B\u1ea3o m\u1eadt n\u00e0y v\u00e0o b\u1ea5t k\u1ef3 th\u1eddi \u0111i\u1ec3m n\u00e0o m\u00e0 kh\u00f4ng c\u1ea7n ph\u1ea3i th\u00f4ng b\u00e1o tr\u01b0\u1edbc. Nh\u1eefng s\u1ef1 thay \u0111\u1ed5i v\u00e0\/ho\u1eb7c s\u1eeda \u0111\u1ed5i nh\u01b0 v\u1eady s\u1ebd c\u00f3 hi\u1ec7u l\u1ef1c ngay khi \u0111\u0103ng l\u00ean website: <a href=\"https:\/\/lagonet.vn\">lagonet.vn<\/a>. N\u1ebfu B\u1ea1n ti\u1ebfp t\u1ee5c s\u1eed d\u1ee5ng website <a href=\"https:\/\/lagonet.vn\">lagonet.vn<\/a>\u00a0sau khi c\u00e1c thay \u0111\u1ed5i v\u00e0\/ho\u1eb7c s\u1eeda \u0111\u1ed5i \u0111\u01b0\u1ee3c \u0111\u0103ng l\u00ean, B\u1ea1n \u0111\u00e3 ch\u1ea5p nh\u1eadn v\u00e0 \u0111\u1ed3ng \u00fd v\u1edbi c\u00e1c thay \u0111\u1ed5i v\u00e0\/ho\u1eb7c s\u1eeda \u0111\u1ed5i \u0111\u00f3. Ch\u00fang t\u00f4i c\u0169ng s\u1ebd gi\u1eef c\u00e1c phi\u00ean b\u1ea3n tr\u01b0\u1edbc c\u1ee7a Ch\u00ednh s\u00e1ch B\u1ea3o m\u1eadt n\u00e0y trong h\u1ed3 s\u01a1 l\u01b0u tr\u1eef \u0111\u1ec3 b\u1ea1n ti\u1ec7n xem x\u00e9t.<\/p>\n<\/div>\n<\/div>\n<\/div>\n<\/div>\n<\/div>\n<\/div>\n<\/div>\n<\/div>\n","protected":false},"excerpt":{"rendered":"<p>Ch\u00ednh s\u00e1ch b\u1ea3o m\u1eadt Ch\u00ednh s\u00e1ch B\u1ea3o m\u1eadt n\u00e0y \u00e1p d\u1ee5ng cho t\u1ea5t c\u1ea3 s\u1ea3n ph\u1ea9m, d\u1ecbch v\u1ee5 c\u1ee7a LAGONET.VN. [&hellip;]<\/p>\n","protected":false},"author":1,"featured_media":0,"parent":0,"menu_order":0,"comment_status":"closed","ping_status":"open","template":"","meta":{"site-sidebar-layout":"default","site-content-layout":"","ast-site-content-layout":"","site-content-style":"default","site-sidebar-style":"default","ast-global-header-display":"","ast-banner-title-visibility":"","ast-main-header-display":"","ast-hfb-above-header-display":"","ast-hfb-below-header-display":"","ast-hfb-mobile-header-display":"","site-post-title":"","ast-breadcrumbs-content":"","ast-featured-img":"","footer-sml-layout":"","theme-transparent-header-meta":"","adv-header-id-meta":"","stick-header-meta":"","header-above-stick-meta":"","header-main-stick-meta":"","header-below-stick-meta":"","astra-migrate-meta-layouts":"default","ast-page-background-enabled":"default","ast-page-background-meta":{"desktop":{"background-color":"var(--ast-global-color-4)","background-image":"","background-repeat":"repeat","background-position":"center center","background-size":"auto","background-attachment":"scroll","background-type":"","background-media":"","overlay-type":"","overlay-color":"","overlay-opacity":"","overlay-gradient":""},"tablet":{"background-color":"","background-image":"","background-repeat":"repeat","background-position":"center center","background-size":"auto","background-attachment":"scroll","background-type":"","background-media":"","overlay-type":"","overlay-color":"","overlay-opacity":"","overlay-gradient":""},"mobile":{"background-color":"","background-image":"","background-repeat":"repeat","background-position":"center center","background-size":"auto","background-attachment":"scroll","background-type":"","background-media":"","overlay-type":"","overlay-color":"","overlay-opacity":"","overlay-gradient":""}},"ast-content-background-meta":{"desktop":{"background-color":"var(--ast-global-color-5)","background-image":"","background-repeat":"repeat","background-position":"center center","background-size":"auto","background-attachment":"scroll","background-type":"","background-media":"","overlay-type":"","overlay-color":"","overlay-opacity":"","overlay-gradient":""},"tablet":{"background-color":"var(--ast-global-color-5)","background-image":"","background-repeat":"repeat","background-position":"center center","background-size":"auto","background-attachment":"scroll","background-type":"","background-media":"","overlay-type":"","overlay-color":"","overlay-opacity":"","overlay-gradient":""},"mobile":{"background-color":"var(--ast-global-color-5)","background-image":"","background-repeat":"repeat","background-position":"center center","background-size":"auto","background-attachment":"scroll","background-type":"","background-media":"","overlay-type":"","overlay-color":"","overlay-opacity":"","overlay-gradient":""}},"footnotes":""},"class_list":["post-1365","page","type-page","status-publish","hentry"],"_links":{"self":[{"href":"https:\/\/kb.lagonet.vn\/index.php?rest_route=\/wp\/v2\/pages\/1365","targetHints":{"allow":["GET"]}}],"collection":[{"href":"https:\/\/kb.lagonet.vn\/index.php?rest_route=\/wp\/v2\/pages"}],"about":[{"href":"https:\/\/kb.lagonet.vn\/index.php?rest_route=\/wp\/v2\/types\/page"}],"author":[{"embeddable":true,"href":"https:\/\/kb.lagonet.vn\/index.php?rest_route=\/wp\/v2\/users\/1"}],"replies":[{"embeddable":true,"href":"https:\/\/kb.lagonet.vn\/index.php?rest_route=%2Fwp%2Fv2%2Fcomments&post=1365"}],"version-history":[{"count":0,"href":"https:\/\/kb.lagonet.vn\/index.php?rest_route=\/wp\/v2\/pages\/1365\/revisions"}],"wp:attachment":[{"href":"https:\/\/kb.lagonet.vn\/index.php?rest_route=%2Fwp%2Fv2%2Fmedia&parent=1365"}],"curies":[{"name":"wp","href":"https:\/\/api.w.org\/{rel}","templated":true}]}}