{"id":142,"date":"2013-08-11T19:06:15","date_gmt":"2013-08-11T19:06:15","guid":{"rendered":"http:\/\/localhost:8888\/test\/?page_id=520"},"modified":"2013-08-11T19:06:15","modified_gmt":"2013-08-11T19:06:15","slug":"ve-chung-toi","status":"publish","type":"page","link":"https:\/\/kb.lagonet.vn\/?page_id=142","title":{"rendered":"V\u1ec0 CH\u00daNG T\u00d4I"},"content":{"rendered":"<p>[ux_banner height=&#8221;507px&#8221; bg=&#8221;69&#8243; bg_overlay=&#8221;rgba(0, 0, 0, 0.49)&#8221; parallax=&#8221;3&#8243;]<\/p>\n<p>[text_box position_x=&#8221;50&#8243; position_y=&#8221;80&#8243;]<\/p>\n<h1 class=\"lead\">V\u1ec0 CH\u00daNG T\u00d4I<\/h1>\n<p class=\"lead\">V\u1edbi s\u1ef1 k\u1ebft h\u1ee3p c\u1ee7a nh\u1eefng nh\u00e2n vi\u00ean t\u1eebng l\u00e0m vi\u1ec7c t\u1ea1i c\u00e1c c\u00f4ng ty v\u00e0 t\u1eadp \u0111o\u00e0n l\u1edbn t\u1ea1i Vi\u1ec7t Nam nh\u01b0 <strong><span style=\"color: #ed1c24;\">LOTTE, HARVEY NASH, DHL, C\u1ed0C C\u1ed0C<\/span><\/strong>. Ch\u00fang t\u00f4i t\u1ef1 tin mang l\u1ea1i cho b\u1ea1n nh\u1eefng gi\u1ea3i ph\u00e1p ph\u00f9 h\u1ee3p v\u1edbi chi ph\u00ed v\u00e0 d\u1ecbch v\u1ee5 ch\u0103m s\u00f3c sau b\u00e1n h\u00e0ng t\u1eadn t\u00ecnh v\u1edbi to\u00e0n b\u1ed9 s\u1ef1 nhi\u1ec7t huy\u1ebft \ud83d\ude42<\/p>\n<p>[\/text_box]<\/p>\n<p>[\/ux_banner]<br \/>\n[row]<\/p>\n<p>[col span__sm=&#8221;12&#8243;]<\/p>\n<p class=\"lead text-center\"><strong>LAGONET.VN<\/strong>\u00a0\u0111\u01b0\u1ee3c th\u00e0nh l\u1eadp b\u1edbi \u00f4ng \u0110\u00ecnh Vi\u1ec7t Th\u1eafng, k\u1ef9 s\u01b0 m\u1ea1ng cao c\u1ea5p c\u00f3 ki\u1ebfn th\u1ee9c v\u00e0 kinh nghi\u1ec7m l\u00e0m vi\u1ec7c trong c\u00e1c c\u00f4ng ty \u0111a l\u0129nh v\u1ef1c v\u00e0 c\u00e1c s\u1ea3n ph\u1ea9m ti\u00ean ti\u1ebfn v\u1ec1 c\u00f4ng ngh\u1ec7 th\u00f4ng tin tr\u00ean th\u1ebf gi\u1edbi.<\/p>\n<p>[divider align=&#8221;center&#8221;]<\/p>\n<p>[\/col]<\/p>\n<p>[\/row]<br \/>\n[row style=&#8221;collapse&#8221; width=&#8221;full-width&#8221;]<\/p>\n<p>[col span=&#8221;4&#8243;]<\/p>\n<p>[\/col]<br \/>\n[col span=&#8221;2&#8243;]<\/p>\n<p>[team_member img=&#8221;378&#8243; name=&#8221;\u0110\u00ccNH VI\u1ec6T TH\u1eaeNG&#8221; title=&#8221;SENIOR NETWORK ENGINEER&#8221; facebook=&#8221;#&#8221; twitter=&#8221;#&#8221; email=&#8221;#&#8221; pinterest=&#8221;#&#8221; linkedin=&#8221;#&#8221; image_height=&#8221;100%&#8221; image_width=&#8221;80&#8243; image_radius=&#8221;100&#8243;]<\/p>\n<p>LEVEL: CCNA, CCNP+<\/p>\n<p>MCSA, LPIC2, VCP<\/p>\n<p>[\/team_member]<\/p>\n<p>[\/col]<br \/>\n[col span=&#8221;6&#8243;]<\/p>\n<p>[\/col]<\/p>\n<p>[\/row]<\/p>\n","protected":false},"excerpt":{"rendered":"<p>[ux_banner height=&#8221;507px&#8221; bg=&#8221;69&#8243; bg_overlay=&#8221;rgba(0, 0, 0, 0.49)&#8221; parallax=&#8221;3&#8243;] [text_box position_x=&#8221;50&#8243; position_y=&#8221;80&#8243;] V\u1ec0 CH\u00daNG T\u00d4I V\u1edbi s\u1ef1 k\u1ebft h\u1ee3p c\u1ee7a nh\u1eefng [&hellip;]<\/p>\n","protected":false},"author":1,"featured_media":68,"parent":0,"menu_order":0,"comment_status":"closed","ping_status":"closed","template":"page-transparent-header-light.php","meta":{"site-sidebar-layout":"default","site-content-layout":"","ast-site-content-layout":"","site-content-style":"default","site-sidebar-style":"default","ast-global-header-display":"","ast-banner-title-visibility":"","ast-main-header-display":"","ast-hfb-above-header-display":"","ast-hfb-below-header-display":"","ast-hfb-mobile-header-display":"","site-post-title":"","ast-breadcrumbs-content":"","ast-featured-img":"","footer-sml-layout":"","theme-transparent-header-meta":"","adv-header-id-meta":"","stick-header-meta":"","header-above-stick-meta":"","header-main-stick-meta":"","header-below-stick-meta":"","astra-migrate-meta-layouts":"default","ast-page-background-enabled":"default","ast-page-background-meta":{"desktop":{"background-color":"var(--ast-global-color-4)","background-image":"","background-repeat":"repeat","background-position":"center center","background-size":"auto","background-attachment":"scroll","background-type":"","background-media":"","overlay-type":"","overlay-color":"","overlay-opacity":"","overlay-gradient":""},"tablet":{"background-color":"","background-image":"","background-repeat":"repeat","background-position":"center center","background-size":"auto","background-attachment":"scroll","background-type":"","background-media":"","overlay-type":"","overlay-color":"","overlay-opacity":"","overlay-gradient":""},"mobile":{"background-color":"","background-image":"","background-repeat":"repeat","background-position":"center center","background-size":"auto","background-attachment":"scroll","background-type":"","background-media":"","overlay-type":"","overlay-color":"","overlay-opacity":"","overlay-gradient":""}},"ast-content-background-meta":{"desktop":{"background-color":"var(--ast-global-color-5)","background-image":"","background-repeat":"repeat","background-position":"center center","background-size":"auto","background-attachment":"scroll","background-type":"","background-media":"","overlay-type":"","overlay-color":"","overlay-opacity":"","overlay-gradient":""},"tablet":{"background-color":"var(--ast-global-color-5)","background-image":"","background-repeat":"repeat","background-position":"center center","background-size":"auto","background-attachment":"scroll","background-type":"","background-media":"","overlay-type":"","overlay-color":"","overlay-opacity":"","overlay-gradient":""},"mobile":{"background-color":"var(--ast-global-color-5)","background-image":"","background-repeat":"repeat","background-position":"center center","background-size":"auto","background-attachment":"scroll","background-type":"","background-media":"","overlay-type":"","overlay-color":"","overlay-opacity":"","overlay-gradient":""}},"footnotes":""},"class_list":["post-142","page","type-page","status-publish","has-post-thumbnail","hentry"],"_links":{"self":[{"href":"https:\/\/kb.lagonet.vn\/index.php?rest_route=\/wp\/v2\/pages\/142","targetHints":{"allow":["GET"]}}],"collection":[{"href":"https:\/\/kb.lagonet.vn\/index.php?rest_route=\/wp\/v2\/pages"}],"about":[{"href":"https:\/\/kb.lagonet.vn\/index.php?rest_route=\/wp\/v2\/types\/page"}],"author":[{"embeddable":true,"href":"https:\/\/kb.lagonet.vn\/index.php?rest_route=\/wp\/v2\/users\/1"}],"replies":[{"embeddable":true,"href":"https:\/\/kb.lagonet.vn\/index.php?rest_route=%2Fwp%2Fv2%2Fcomments&post=142"}],"version-history":[{"count":0,"href":"https:\/\/kb.lagonet.vn\/index.php?rest_route=\/wp\/v2\/pages\/142\/revisions"}],"wp:featuredmedia":[{"embeddable":true,"href":"https:\/\/kb.lagonet.vn\/index.php?rest_route=\/wp\/v2\/media\/68"}],"wp:attachment":[{"href":"https:\/\/kb.lagonet.vn\/index.php?rest_route=%2Fwp%2Fv2%2Fmedia&parent=142"}],"curies":[{"name":"wp","href":"https:\/\/api.w.org\/{rel}","templated":true}]}}